{"id":26879,"date":"2020-04-18T12:17:31","date_gmt":"2020-04-18T17:17:31","guid":{"rendered":"https:\/\/www.fiscalia.gob.ec\/?page_id=26879"},"modified":"2024-06-14T09:50:02","modified_gmt":"2024-06-14T14:50:02","slug":"denuncia-en-linea-de-violencia-basada-en-genero","status":"publish","type":"page","link":"https:\/\/www.fiscalia.gob.ec\/accesibilidad\/denuncia-en-linea-de-violencia-basada-en-genero\/","title":{"rendered":"Denuncia en l\u00ednea de violencia basada en g\u00e9nero"},"content":{"rendered":"<div class=\"wpb-content-wrapper\"><p>[vc_row row_type=\u00bbrow\u00bb use_row_as_full_screen_section=\u00bbno\u00bb type=\u00bbfull_width\u00bb text_align=\u00bbleft\u00bb background_animation=\u00bbnone\u00bb css_animation=\u00bb\u00bb][vc_column][vc_column_text css=\u00bb.vc_custom_1718373294484{margin-bottom: 25px !important;}\u00bb]<button id=\"bb1\" type=\"button\" value=\"Play\" class=\"responsivevoice-button\" title=\"ResponsiveVoice Tap to Start\/Stop Speech\"><span>&#128266; <\/span><\/button>\n        <script>\n            bb1.onclick = function(){\n                if(responsiveVoice.isPlaying()){\n                    responsiveVoice.cancel();\n                }else{\n                    responsiveVoice.speak(\"DENUNCIA EN L\u00cdNEA DE VIOLENCIA BASADA EN G\u00c9NERO\", \"Spanish Latin American Female\");\n                }\n            };\n        <\/script>\n    <\/p>\n<h2>DENUNCIA EN L\u00cdNEA DE VIOLENCIA BASADA EN G\u00c9NERO<\/h2>\n<p>[\/vc_column_text][\/vc_column][\/vc_row][vc_row row_type=\u00bbrow\u00bb use_row_as_full_screen_section=\u00bbno\u00bb type=\u00bbfull_width\u00bb text_align=\u00bbleft\u00bb background_animation=\u00bbnone\u00bb css_animation=\u00bb\u00bb css=\u00bb.vc_custom_1714683131878{border-radius: 10px !important;}\u00bb][vc_column css=\u00bb.vc_custom_1714681878006{padding-top: 0px !important;}\u00bb][vc_column_text css=\u00bb.vc_custom_1718373392858{border-radius: 5px !important;}\u00bb el_class=\u00bbmensaje\u00bb]<button id=\"bb2\" type=\"button\" value=\"Play\" class=\"responsivevoice-button\" title=\"ResponsiveVoice Tap to Start\/Stop Speech\"><span>&#128266; <\/span><\/button>\n        <script>\n            bb2.onclick = function(){\n                if(responsiveVoice.isPlaying()){\n                    responsiveVoice.cancel();\n                }else{\n                    responsiveVoice.speak(\"Si est\u00e1s en peligro llama al 911 o al 1800 DELITO (335486). Si eres v\u00edctima de violencia de g\u00e9nero, y el hecho no sobrepasa las 24 horas, acude a las unidades de Flagrancia ubicadas en todo el pa\u00eds. Encuentra m\u00e1s informaci\u00f3n en: Directorio de Fiscal\u00edas \u00a1RECUERDA QUE NO EST\u00c1S SOLA!\", \"Spanish Latin American Female\");\n                }\n            };\n        <\/script>\n    <\/p>\n<p style=\"text-align: center;\">Si est\u00e1s en peligro llama al 911 o al 1800 DELITO (335486).<\/p>\n<p style=\"text-align: center;\">Si eres v\u00edctima de violencia de g\u00e9nero, y el hecho no sobrepasa las 24 horas, acude a las unidades de Flagrancia ubicadas en todo el pa\u00eds.<\/p>\n<p style=\"text-align: center;\">Encuentra m\u00e1s informaci\u00f3n en: <a style=\"font-weight: bold; background: #023859; color: #ffffff; padding: 7px 10px; border-radius: 15px;\" href=\"\/accesibilidad\/directorio-fiscalias\/\" target=\"_blank\" rel=\"noopener noreferrer\">Directorio de Fiscal\u00edas<\/a><\/p>\n<p style=\"text-align: center;\">\u00a1RECUERDA QUE NO EST\u00c1S SOLA!<\/p>\n<p>[\/vc_column_text][\/vc_column][\/vc_row][vc_row row_type=\u00bbrow\u00bb use_row_as_full_screen_section=\u00bbno\u00bb type=\u00bbfull_width\u00bb text_align=\u00bbleft\u00bb background_animation=\u00bbnone\u00bb padding_top=\u00bb25&#8243; padding_bottom=\u00bb25&#8243; css_animation=\u00bb\u00bb][vc_column][vc_column_text css=\u00bb.vc_custom_1718373360290{border-radius: 10px !important;}\u00bb el_class=\u00bbmensaje2&#8243;]<button id=\"bb3\" type=\"button\" value=\"Play\" class=\"responsivevoice-button\" title=\"ResponsiveVoice Tap to Start\/Stop Speech\"><span>&#128266; <\/span><\/button>\n        <script>\n            bb3.onclick = function(){\n                if(responsiveVoice.isPlaying()){\n                    responsiveVoice.cancel();\n                }else{\n                    responsiveVoice.speak(\"ANTES DE CREAR SU FORMULARIO, LEA DETENIDAMENTE LA SIGUIENTE INFORMACI\u00d3N:\", \"Spanish Latin American Female\");\n                }\n            };\n        <\/script>\n    <\/p>\n<p style=\"text-align: center;\">ANTES DE CREAR SU FORMULARIO, LEA DETENIDAMENTE LA SIGUIENTE INFORMACI\u00d3N:<\/p>\n<p>[\/vc_column_text][\/vc_column][\/vc_row][vc_row row_type=\u00bbrow\u00bb use_row_as_full_screen_section=\u00bbno\u00bb type=\u00bbfull_width\u00bb text_align=\u00bbleft\u00bb background_animation=\u00bbnone\u00bb padding_bottom=\u00bb25&#8243; css_animation=\u00bb\u00bb][vc_column][vc_column_text css=\u00bb\u00bb el_class=\u00bbcajadelitos\u00bb]<button id=\"bb4\" type=\"button\" value=\"Play\" class=\"responsivevoice-button\" title=\"ResponsiveVoice Tap to Start\/Stop Speech\"><span>&#128266; <\/span><\/button>\n        <script>\n            bb4.onclick = function(){\n                if(responsiveVoice.isPlaying()){\n                    responsiveVoice.cancel();\n                }else{\n                    responsiveVoice.speak(\"Recomendaciones para este sistema\", \"Spanish Latin American Female\");\n                }\n            };\n        <\/script>\n    <br \/>\n<strong>Recomendaciones para este sistema<\/strong><br \/>\n<br \/>\n<button id=\"bb5\" type=\"button\" value=\"Play\" class=\"responsivevoice-button\" title=\"ResponsiveVoice Tap to Start\/Stop Speech\"><span>&#128266; <\/span><\/button>\n        <script>\n            bb5.onclick = function(){\n                if(responsiveVoice.isPlaying()){\n                    responsiveVoice.cancel();\n                }else{\n                    responsiveVoice.speak(\"Este formulario ha sido creado para que las V\u00cdCTIMAS DE VIOLENCIA DE G\u00c9NERO y aquellas personas que conozcan un caso de violencia basada en g\u00e9nero puedan poner en conocimiento de la FGE los hechos de violencia de los que han sido objeto.\", \"Spanish Latin American Female\");\n                }\n            };\n        <\/script>\n    <br \/>\nEste formulario ha sido creado para que las <strong>V\u00cdCTIMAS DE VIOLENCIA DE G\u00c9NERO<\/strong> y aquellas personas que conozcan un caso de violencia basada en g\u00e9nero puedan poner en conocimiento de la FGE los hechos de violencia de los que han sido objeto.<br \/>\n<br \/>\n<button id=\"bb6\" type=\"button\" value=\"Play\" class=\"responsivevoice-button\" title=\"ResponsiveVoice Tap to Start\/Stop Speech\"><span>&#128266; <\/span><\/button>\n        <script>\n            bb6.onclick = function(){\n                if(responsiveVoice.isPlaying()){\n                    responsiveVoice.cancel();\n                }else{\n                    responsiveVoice.speak(\"Recuerde que la violencia de g\u00e9nero es un grave problema social, que afecta desproporcionadamente a las mujeres en el pa\u00eds. El uso adecuado de este formulario permite que la FGE act\u00fae de manera eficaz y se garantice el derecho de las v\u00edctimas a que sus casos sean investigados. \u00daSELO DE FORMA RESPONSABLE.\", \"Spanish Latin American Female\");\n                }\n            };\n        <\/script>\n    <br \/>\nRecuerde que la <strong>violencia de g\u00e9nero<\/strong> es un grave <strong>problema social, <\/strong>que afecta desproporcionadamente a las mujeres en el pa\u00eds. El uso adecuado de este formulario permite que la FGE act\u00fae de manera eficaz y se garantice el derecho de las v\u00edctimas a que sus casos sean investigados. <strong>\u00daSELO DE FORMA RESPONSABLE.<\/strong><br \/>\n<br \/>\n<button id=\"bb7\" type=\"button\" value=\"Play\" class=\"responsivevoice-button\" title=\"ResponsiveVoice Tap to Start\/Stop Speech\"><span>&#128266; <\/span><\/button>\n        <script>\n            bb7.onclick = function(){\n                if(responsiveVoice.isPlaying()){\n                    responsiveVoice.cancel();\n                }else{\n                    responsiveVoice.speak(\"Suministre toda la informaci\u00f3n solicitada. Tenga en cuenta que aportar una mayor cantidad de datos facilita la tramitaci\u00f3n de su requerimiento.\", \"Spanish Latin American Female\");\n                }\n            };\n        <\/script>\n    <br \/>\nSuministre toda la informaci\u00f3n solicitada. Tenga en cuenta que aportar una mayor cantidad de datos facilita la tramitaci\u00f3n de su requerimiento.<br \/>\n<br \/>\n<button id=\"bb8\" type=\"button\" value=\"Play\" class=\"responsivevoice-button\" title=\"ResponsiveVoice Tap to Start\/Stop Speech\"><span>&#128266; <\/span><\/button>\n        <script>\n            bb8.onclick = function(){\n                if(responsiveVoice.isPlaying()){\n                    responsiveVoice.cancel();\n                }else{\n                    responsiveVoice.speak(\"El formulario online NO requiere del uso de firma electr\u00f3nica. Es una alternativa para quienes deseen acceder a los servicios de Fiscal\u00eda y tengan alguna dificultad para acercarse presencialmente a los puntos de atenci\u00f3n de esta Instituci\u00f3n.\", \"Spanish Latin American Female\");\n                }\n            };\n        <\/script>\n    <br \/>\nEl formulario online <strong>NO<\/strong> requiere del uso de firma electr\u00f3nica. <strong>Es una alternativa para quienes deseen acceder a los servicios de Fiscal\u00eda<\/strong> <strong>y tengan alguna dificultad para acercarse presencialmente a los puntos de atenci\u00f3n de esta Instituci\u00f3n<\/strong>.<br \/>\n<br \/>\n<button id=\"bb9\" type=\"button\" value=\"Play\" class=\"responsivevoice-button\" title=\"ResponsiveVoice Tap to Start\/Stop Speech\"><span>&#128266; <\/span><\/button>\n        <script>\n            bb9.onclick = function(){\n                if(responsiveVoice.isPlaying()){\n                    responsiveVoice.cancel();\n                }else{\n                    responsiveVoice.speak(\"Las preguntas resaltadas con asterisco (*) en color rojo son obligatorias.\", \"Spanish Latin American Female\");\n                }\n            };\n        <\/script>\n    <br \/>\nLas preguntas resaltadas con asterisco <span style=\"color: red; font-weight: bold;\">(*)<\/span> en color rojo son obligatorias.<br \/>\n<br \/>\n<button id=\"bb10\" type=\"button\" value=\"Play\" class=\"responsivevoice-button\" title=\"ResponsiveVoice Tap to Start\/Stop Speech\"><span>&#128266; <\/span><\/button>\n        <script>\n            bb10.onclick = function(){\n                if(responsiveVoice.isPlaying()){\n                    responsiveVoice.cancel();\n                }else{\n                    responsiveVoice.speak(\"Lea las instrucciones que aparecen al inicio de cada t\u00edtulo o secci\u00f3n, para conocer la forma correcta de ingresar los datos al sistema.\", \"Spanish Latin American Female\");\n                }\n            };\n        <\/script>\n    <br \/>\nLea las instrucciones que aparecen al inicio de cada t\u00edtulo o secci\u00f3n, para conocer la forma correcta de ingresar los datos al sistema.<br \/>\n<br \/>\n<button id=\"bb11\" type=\"button\" value=\"Play\" class=\"responsivevoice-button\" title=\"ResponsiveVoice Tap to Start\/Stop Speech\"><span>&#128266; <\/span><\/button>\n        <script>\n            bb11.onclick = function(){\n                if(responsiveVoice.isPlaying()){\n                    responsiveVoice.cancel();\n                }else{\n                    responsiveVoice.speak(\"En las preguntas que tienen una lista con opciones de respuesta, pruebe escribir las primeras letras de la palabra que est\u00e1 buscando para que el sistema filtre las opciones que coinciden con su b\u00fasqueda.\", \"Spanish Latin American Female\");\n                }\n            };\n        <\/script>\n    <br \/>\nEn las preguntas que tienen una lista con opciones de respuesta, pruebe escribir las primeras letras de la palabra que est\u00e1 buscando para que el sistema filtre las opciones que coinciden con su b\u00fasqueda.<br \/>\n<br \/>\n<button id=\"bb12\" type=\"button\" value=\"Play\" class=\"responsivevoice-button\" title=\"ResponsiveVoice Tap to Start\/Stop Speech\"><span>&#128266; <\/span><\/button>\n        <script>\n            bb12.onclick = function(){\n                if(responsiveVoice.isPlaying()){\n                    responsiveVoice.cancel();\n                }else{\n                    responsiveVoice.speak(\"Despu\u00e9s de ingresar los datos y hacer clic en el bot\u00f3n\u00a0ENVIAR, el sistema asignar\u00e1 un\u00a0N\u00daMERO DE FORMULARIO, el cual estar\u00e1 visible en la parte central de la pantalla.\", \"Spanish Latin American Female\");\n                }\n            };\n        <\/script>\n    <br \/>\nDespu\u00e9s de ingresar los datos y hacer clic en el bot\u00f3n\u00a0<strong>ENVIAR<\/strong>, el sistema asignar\u00e1 un\u00a0<strong>N\u00daMERO DE FORMULARIO<\/strong>, el cual estar\u00e1 visible en la parte central de la pantalla.<br \/>\n<br \/>\n<button id=\"bb13\" type=\"button\" value=\"Play\" class=\"responsivevoice-button\" title=\"ResponsiveVoice Tap to Start\/Stop Speech\"><span>&#128266; <\/span><\/button>\n        <script>\n            bb13.onclick = function(){\n                if(responsiveVoice.isPlaying()){\n                    responsiveVoice.cancel();\n                }else{\n                    responsiveVoice.speak(\"Si va a llenar el formulario en nombre de una instituci\u00f3n p\u00fablica, debe suministrar los datos del representante legal o de la persona que lo reemplace.\", \"Spanish Latin American Female\");\n                }\n            };\n        <\/script>\n    <br \/>\nSi va a llenar el formulario en nombre de una instituci\u00f3n p\u00fablica, debe suministrar los datos del representante legal o de la persona que lo reemplace.<br \/>\n<br \/>\n<button id=\"bb14\" type=\"button\" value=\"Play\" class=\"responsivevoice-button\" title=\"ResponsiveVoice Tap to Start\/Stop Speech\"><span>&#128266; <\/span><\/button>\n        <script>\n            bb14.onclick = function(){\n                if(responsiveVoice.isPlaying()){\n                    responsiveVoice.cancel();\n                }else{\n                    responsiveVoice.speak(\"Antes de finalizar y oprimir el bot\u00f3n\u00a0ENVIAR, revise la informaci\u00f3n suministrada, pues despu\u00e9s de ese paso no se podr\u00e1 realizar ninguna modificaci\u00f3n.\", \"Spanish Latin American Female\");\n                }\n            };\n        <\/script>\n    <br \/>\nAntes de finalizar y oprimir el bot\u00f3n\u00a0<strong>ENVIAR<\/strong>, revise la informaci\u00f3n suministrada, pues despu\u00e9s de ese paso no se podr\u00e1 realizar ninguna modificaci\u00f3n.<br \/>\n[\/vc_column_text][\/vc_column][\/vc_row][vc_row row_type=\u00bbrow\u00bb use_row_as_full_screen_section=\u00bbno\u00bb type=\u00bbfull_width\u00bb text_align=\u00bbleft\u00bb background_animation=\u00bbnone\u00bb padding_bottom=\u00bb25&#8243; css_animation=\u00bb\u00bb][vc_column][vc_column_text css=\u00bb.vc_custom_1718374191682{border-radius: 10px !important;}\u00bb el_class=\u00bbmensaje2&#8243;]<button id=\"bb15\" type=\"button\" value=\"Play\" class=\"responsivevoice-button\" title=\"ResponsiveVoice Tap to Start\/Stop Speech\"><span>&#128266; <\/span><\/button>\n        <script>\n            bb15.onclick = function(){\n                if(responsiveVoice.isPlaying()){\n                    responsiveVoice.cancel();\n                }else{\n                    responsiveVoice.speak(\"\u00bfQU\u00c9 PASA DESPU\u00c9S DE TERMINAR DE INGRESAR LA INFORMACI\u00d3N?\", \"Spanish Latin American Female\");\n                }\n            };\n        <\/script>\n    <\/p>\n<p style=\"text-align: center;\">\u00bfQU\u00c9 PASA DESPU\u00c9S DE TERMINAR DE INGRESAR LA INFORMACI\u00d3N?<\/p>\n<p>[\/vc_column_text][\/vc_column][\/vc_row][vc_row row_type=\u00bbrow\u00bb use_row_as_full_screen_section=\u00bbno\u00bb type=\u00bbfull_width\u00bb text_align=\u00bbleft\u00bb background_animation=\u00bbnone\u00bb css_animation=\u00bb\u00bb][vc_column][vc_column_text css=\u00bb\u00bb el_class=\u00bbcajadelitos\u00bb]<button id=\"bb16\" type=\"button\" value=\"Play\" class=\"responsivevoice-button\" title=\"ResponsiveVoice Tap to Start\/Stop Speech\"><span>&#128266; <\/span><\/button>\n        <script>\n            bb16.onclick = function(){\n                if(responsiveVoice.isPlaying()){\n                    responsiveVoice.cancel();\n                }else{\n                    responsiveVoice.speak(\"Despu\u00e9s de hacer clic en el bot\u00f3n\u00a0ENVIAR, el sistema genera un\u00a0N\u00daMERO DE FORMULARIO, el cual ser\u00e1 informado al correo electr\u00f3nico del denunciante.\", \"Spanish Latin American Female\");\n                }\n            };\n        <\/script>\n    <br \/>\nDespu\u00e9s de hacer clic en el bot\u00f3n\u00a0<strong>ENVIAR<\/strong>, el sistema genera un\u00a0<strong>N\u00daMERO DE FORMULARIO<\/strong>, el cual ser\u00e1 informado al correo electr\u00f3nico del denunciante.<br \/>\n<br \/>\n<button id=\"bb17\" type=\"button\" value=\"Play\" class=\"responsivevoice-button\" title=\"ResponsiveVoice Tap to Start\/Stop Speech\"><span>&#128266; <\/span><\/button>\n        <script>\n            bb17.onclick = function(){\n                if(responsiveVoice.isPlaying()){\n                    responsiveVoice.cancel();\n                }else{\n                    responsiveVoice.speak(\"El hecho de violencia ser\u00e1 verificado por la Fiscal\u00eda General del Estado, para determinar si lo relatado corresponde a un delito. En caso de ser afirmativo, se crear\u00e1 la\u00a0NOTICIA DEL DELITO,a la cual se le asignar\u00e1 un n\u00famero de 15 d\u00edgitos.\", \"Spanish Latin American Female\");\n                }\n            };\n        <\/script>\n    <br \/>\nEl hecho de violencia ser\u00e1 verificado por la Fiscal\u00eda General del Estado, para determinar si lo relatado corresponde a un delito. En caso de ser afirmativo, se crear\u00e1 la\u00a0<strong>NOTICIA DEL DELITO,<\/strong>a la cual se le asignar\u00e1 un n\u00famero de 15 d\u00edgitos.<br \/>\n<br \/>\n<button id=\"bb18\" type=\"button\" value=\"Play\" class=\"responsivevoice-button\" title=\"ResponsiveVoice Tap to Start\/Stop Speech\"><span>&#128266; <\/span><\/button>\n        <script>\n            bb18.onclick = function(){\n                if(responsiveVoice.isPlaying()){\n                    responsiveVoice.cancel();\n                }else{\n                    responsiveVoice.speak(\"Con ese n\u00famero de 15 d\u00edgitos, usted podr\u00e1 consultar el estado de su caso, acerc\u00e1ndose al punto de Servicio de Atenci\u00f3n Integral (SAI) m\u00e1s cercano a su domicilio. Ingresando a Directorio de Fiscal\u00edas obtendr\u00e1 la ubicaci\u00f3n de los puntos SAI a escala nacional.\", \"Spanish Latin American Female\");\n                }\n            };\n        <\/script>\n    <br \/>\nCon ese n\u00famero de 15 d\u00edgitos, usted podr\u00e1 consultar el estado de su caso, acerc\u00e1ndose al punto de Servicio de Atenci\u00f3n Integral (SAI) m\u00e1s cercano a su domicilio. Ingresando a <a style=\"font-weight: bold; background: #023859; color: #ffffff; padding: 7px 10px; border-radius: 15px;\" href=\"\/accesibilidad\/directorio-fiscalias\/\" target=\"_blank\" rel=\"noopener noreferrer\">Directorio de Fiscal\u00edas<\/a> obtendr\u00e1 la ubicaci\u00f3n de los puntos SAI a escala nacional.<br \/>\n[\/vc_column_text][\/vc_column][\/vc_row][vc_row row_type=\u00bbrow\u00bb use_row_as_full_screen_section=\u00bbno\u00bb type=\u00bbfull_width\u00bb text_align=\u00bbleft\u00bb background_animation=\u00bbnone\u00bb padding_top=\u00bb25&#8243; padding_bottom=\u00bb100&#8243; css_animation=\u00bb\u00bb][vc_column]<a href=\"\/accesibilidad\/formulario-denuncia-en-linea-de-violencia-basada-en-genero\/\" target=\"_self\" data-hover-background-color=#5b61d9 data-hover-border-color=#5b61d9  class=\"qbutton  big_large_full_width display_dash qbutton_with_icon\" style=\"border-color: #f27405; font-weight: 700; border-radius: 10px;-moz-border-radius: 10px;-webkit-border-radius: 10px; background-color: #f27405;\">Denuncia aqu\u00ed<i class=\"button_icon  fa fa-arrow-right\" style=\"\"><\/i><\/a>[\/vc_column][\/vc_row]<\/p>\n<\/div>","protected":false},"excerpt":{"rendered":"<p>[vc_row row_type=\u00bbrow\u00bb use_row_as_full_screen_section=\u00bbno\u00bb type=\u00bbfull_width\u00bb text_align=\u00bbleft\u00bb background_animation=\u00bbnone\u00bb css_animation=\u00bb\u00bb][vc_column][vc_column_text css=\u00bb.vc_custom_1718373294484{margin-bottom: 25px !important;}\u00bb][\/vc_column_text][\/vc_column][\/vc_row][vc_row row_type=\u00bbrow\u00bb use_row_as_full_screen_section=\u00bbno\u00bb type=\u00bbfull_width\u00bb text_align=\u00bbleft\u00bb background_animation=\u00bbnone\u00bb css_animation=\u00bb\u00bb css=\u00bb.vc_custom_1714683131878{border-radius: 10px !important;}\u00bb][vc_column css=\u00bb.vc_custom_1714681878006{padding-top: 0px !important;}\u00bb][vc_column_text css=\u00bb.vc_custom_1718373392858{border-radius: 5px !important;}\u00bb el_class=\u00bbmensaje\u00bb][\/vc_column_text][\/vc_column][\/vc_row][vc_row row_type=\u00bbrow\u00bb use_row_as_full_screen_section=\u00bbno\u00bb type=\u00bbfull_width\u00bb text_align=\u00bbleft\u00bb background_animation=\u00bbnone\u00bb padding_top=\u00bb25&#8243; padding_bottom=\u00bb25&#8243; css_animation=\u00bb\u00bb][vc_column][vc_column_text css=\u00bb.vc_custom_1718373360290{border-radius: 10px !important;}\u00bb el_class=\u00bbmensaje2&#8243;][\/vc_column_text][\/vc_column][\/vc_row][vc_row row_type=\u00bbrow\u00bb use_row_as_full_screen_section=\u00bbno\u00bb type=\u00bbfull_width\u00bb text_align=\u00bbleft\u00bb background_animation=\u00bbnone\u00bb padding_bottom=\u00bb25&#8243; css_animation=\u00bb\u00bb][vc_column][vc_column_text&#8230;<\/p>\n","protected":false},"author":4,"featured_media":0,"parent":0,"menu_order":0,"comment_status":"closed","ping_status":"closed","template":"","meta":{"footnotes":""},"class_list":["post-26879","page","type-page","status-publish","hentry"],"_links":{"self":[{"href":"https:\/\/www.fiscalia.gob.ec\/accesibilidad\/wp-json\/wp\/v2\/pages\/26879","targetHints":{"allow":["GET"]}}],"collection":[{"href":"https:\/\/www.fiscalia.gob.ec\/accesibilidad\/wp-json\/wp\/v2\/pages"}],"about":[{"href":"https:\/\/www.fiscalia.gob.ec\/accesibilidad\/wp-json\/wp\/v2\/types\/page"}],"author":[{"embeddable":true,"href":"https:\/\/www.fiscalia.gob.ec\/accesibilidad\/wp-json\/wp\/v2\/users\/4"}],"replies":[{"embeddable":true,"href":"https:\/\/www.fiscalia.gob.ec\/accesibilidad\/wp-json\/wp\/v2\/comments?post=26879"}],"version-history":[{"count":10,"href":"https:\/\/www.fiscalia.gob.ec\/accesibilidad\/wp-json\/wp\/v2\/pages\/26879\/revisions"}],"predecessor-version":[{"id":33257,"href":"https:\/\/www.fiscalia.gob.ec\/accesibilidad\/wp-json\/wp\/v2\/pages\/26879\/revisions\/33257"}],"wp:attachment":[{"href":"https:\/\/www.fiscalia.gob.ec\/accesibilidad\/wp-json\/wp\/v2\/media?parent=26879"}],"curies":[{"name":"wp","href":"https:\/\/api.w.org\/{rel}","templated":true}]}}