{"id":26226,"date":"2020-03-20T22:01:39","date_gmt":"2020-03-21T03:01:39","guid":{"rendered":"https:\/\/www.fiscalia.gob.ec\/?page_id=26226"},"modified":"2023-01-05T11:30:01","modified_gmt":"2023-01-05T16:30:01","slug":"caso-norma-vallejo","status":"publish","type":"page","link":"https:\/\/www.fiscalia.gob.ec\/accesibilidad\/caso-norma-vallejo\/","title":{"rendered":"Caso Norma Vallejo"},"content":{"rendered":"<div class=\"wpb-content-wrapper\"><p>[vc_row row_type=\u00bbrow\u00bb use_row_as_full_screen_section=\u00bbno\u00bb type=\u00bbfull_width\u00bb text_align=\u00bbleft\u00bb background_animation=\u00bbnone\u00bb css_animation=\u00bb\u00bb][vc_column][vc_column_text]<button id=\"bb1\" type=\"button\" value=\"Play\" class=\"responsivevoice-button\" title=\"ResponsiveVoice Tap to Start\/Stop Speech\"><span>&#128266; <\/span><\/button>\n        <script>\n            bb1.onclick = function(){\n                if(responsiveVoice.isPlaying()){\n                    responsiveVoice.cancel();\n                }else{\n                    responsiveVoice.speak(\"CASO NORMA VALLEJO Delito: concusi\u00f3n.\", \"Spanish Latin American Female\");\n                }\n            };\n        <\/script>\n    <\/p>\n<h2>CASO NORMA VALLEJO<\/h2>\n<h3 style=\"margin: 15px 0;\">Delito: concusi\u00f3n.<\/h3>\n<p>[\/vc_column_text][vc_row_inner row_type=\u00bbrow\u00bb type=\u00bbfull_width\u00bb use_row_as_full_screen_section_slide=\u00bbno\u00bb text_align=\u00bbleft\u00bb css_animation=\u00bb\u00bb][vc_column_inner width=\u00bb1\/2&#8243;][vc_column_text css=\u00bb.vc_custom_1672936098262{padding-right: 10px !important;}\u00bb]<button id=\"bb2\" type=\"button\" value=\"Play\" class=\"responsivevoice-button\" title=\"ResponsiveVoice Tap to Start\/Stop Speech\"><span>&#128266; <\/span><\/button>\n        <script>\n            bb2.onclick = function(){\n                if(responsiveVoice.isPlaying()){\n                    responsiveVoice.cancel();\n                }else{\n                    responsiveVoice.speak(\"La Fiscal\u00eda General del Estado inici\u00f3 una investigaci\u00f3n por un presunto delito de concusi\u00f3n en contra de la entonces asamble\u00edsta Norma V., luego de las denuncias presentadas por el asamble\u00edsta Fabricio Villamar (CREO) y varios de sus colaboradores, en las que se\u00f1alaron que ella cobraba a sus exasesores montos entre 150 y 300 d\u00f3lares en efectivo para permanecer en sus cargos.\", \"Spanish Latin American Female\");\n                }\n            };\n        <\/script>\n    <br \/>\nLa Fiscal\u00eda General del Estado inici\u00f3 una investigaci\u00f3n por un presunto delito de concusi\u00f3n en contra de la entonces asamble\u00edsta Norma V., luego de las denuncias presentadas por el asamble\u00edsta Fabricio Villamar (CREO) y varios de sus colaboradores, en las que se\u00f1alaron que ella cobraba a sus exasesores montos entre 150 y 300 d\u00f3lares en efectivo para permanecer en sus cargos.<br \/>\n[\/vc_column_text][\/vc_column_inner][vc_column_inner width=\u00bb1\/2&#8243;][vc_column_text css=\u00bb.vc_custom_1672936115695{padding-left: 10px !important;}\u00bb]<button id=\"bb3\" type=\"button\" value=\"Play\" class=\"responsivevoice-button\" title=\"ResponsiveVoice Tap to Start\/Stop Speech\"><span>&#128266; <\/span><\/button>\n        <script>\n            bb3.onclick = function(){\n                if(responsiveVoice.isPlaying()){\n                    responsiveVoice.cancel();\n                }else{\n                    responsiveVoice.speak(\"Los montos pod\u00edan llegar a los mil d\u00f3lares. Durante la investigaci\u00f3n se difundi\u00f3 un audio en el que se escucha una supuesta conversaci\u00f3n con uno de sus excolaboradores, en ese sentido.\", \"Spanish Latin American Female\");\n                }\n            };\n        <\/script>\n    <br \/>\nLos montos pod\u00edan llegar a los mil d\u00f3lares. Durante la investigaci\u00f3n se difundi\u00f3 un audio en el que se escucha una supuesta conversaci\u00f3n con uno de sus excolaboradores, en ese sentido.<br \/>\n[\/vc_column_text][\/vc_column_inner][\/vc_row_inner][vc_column_text css=\u00bb.vc_custom_1610561398014{margin-top: 25px !important;}\u00bb]\t\t\t<!-- Cool Timeline PRO V4.9.1 -->\r\n\t\t\t<div class=\"ctl-wrapper\" role=\"region\" aria-label=\"Timeline\">\r\n\t\t\t\t\t\t\t\t<div id=\"cool_timeline_1\" class=\"cool-timeline-wrapper ctl-both-sided ctl-vertical-wrapper ctl-default\" data-nav=\"show\" data-line-filling=\"false\" data-nav-pos=\"right\" data-nav-style=\"style-1\">\r\n\t\t\t\t\t<div class=\"ctl-start\"><\/div>\r\n\t\t\t\t\t<!-- Timeline Container -->\r\n\t\t\t\t\t<div class=\"ctl-timeline ctl-timeline-container\" data-animation=\"flip-left\" aria-live=\"polite\">\r\n\t\t\t\t\t\t<!-- Center Line -->\r\n\t\t\t\t\t\t<div class=\"ctl-inner-line\" role=\"presentation\"><\/div>\r\n\t\t\t\t\t\t<!-- Story Year Section --><div data-cls=\"sc-nv-light vertical\" class=\"timeline-year scrollable-section ctl-year ctl-year-container light-year\" data-section-title=\"2018\" id=\"year-2018\"><div class=\"ctl-year-label ctl-year-text\"><span>2018<\/span><\/div><\/div><!-- Timeline Content --><div id=\"ctl-story-26220\" class=\"ctl-story ctl-story-dot-icon odd ctl-story-right ctl-no-media\" data-story-index=\"1\" role=\"article\"><!-- Story Date --><div class=\"ctl-labels\"><div class=\"ctl-label-big story-date\">Nov, 2018<\/div><\/div><!-- Story IconDot --><div class=\"ctl-icondot\"><\/div> <!-- Story Arrow --><div class=\"ctl-arrow\"><\/div>\r\n\t\t\t<!-- Story Content --><div class=\"ctl-content\"><!-- Story Title --> <div class=\"ctl-title story-26220\" role=\"heading\" aria-level=\"2\"><a target=\"_self\" title=\"13 de noviembre de 2018\" href=\"https:\/\/www.fiscalia.gob.ec\/accesibilidad\/timeline\/13-de-noviembre-de-2018\/\" class=\"story-link\">13 de noviembre de 2018<\/a><\/div><!-- Story Description --><div class=\"ctl-description\"><p>La Asamblea Nacional destituye a Norma V. \u201cpor gestionar cargos p\u00fablicos\u201d, dentro de las acusaciones de cobros indebidos a funcionarios de la funci\u00f3n Legislativa.<\/p>\n<\/div><\/div><\/div><!-- Timeline Content --><div id=\"ctl-story-26221\" class=\"ctl-story ctl-story-dot-icon even ctl-story-left ctl-no-media\" data-story-index=\"2\" role=\"article\"><!-- Story Date --><div class=\"ctl-labels\"><div class=\"ctl-label-big story-date\">Dic, 2018<\/div><\/div><!-- Story IconDot --><div class=\"ctl-icondot\"><\/div> <!-- Story Arrow --><div class=\"ctl-arrow\"><\/div>\r\n\t\t\t<!-- Story Content --><div class=\"ctl-content\"><!-- Story Title --> <div class=\"ctl-title story-26221\" role=\"heading\" aria-level=\"2\"><a target=\"_self\" title=\"6 de diciembre de 2018\" href=\"https:\/\/www.fiscalia.gob.ec\/accesibilidad\/timeline\/6-de-diciembre-de-2018\/\" class=\"story-link\">6 de diciembre de 2018<\/a><\/div><!-- Story Description --><div class=\"ctl-description\"><p>Fiscal\u00eda pide a la Corte Nacional de Justicia que se\u00f1ale fecha y hora para formular cargos por el delito de concusi\u00f3n (cuando un funcionario p\u00fablico abusa de su condici\u00f3n para exigir pagos). La causa es sorteada y recae en el juez Iv\u00e1n Saquicela.<\/p>\n<\/div><\/div><\/div><!-- Timeline Content --><div id=\"ctl-story-26222\" class=\"ctl-story ctl-story-dot-icon odd ctl-story-right ctl-no-media\" data-story-index=\"3\" role=\"article\"><!-- Story Date --><div class=\"ctl-labels\"><div class=\"ctl-label-big story-date\">Dic, 2018<\/div><\/div><!-- Story IconDot --><div class=\"ctl-icondot\"><\/div> <!-- Story Arrow --><div class=\"ctl-arrow\"><\/div>\r\n\t\t\t<!-- Story Content --><div class=\"ctl-content\"><!-- Story Title --> <div class=\"ctl-title story-26222\" role=\"heading\" aria-level=\"2\"><a target=\"_self\" title=\"17 de diciembre de 2018\" href=\"https:\/\/www.fiscalia.gob.ec\/accesibilidad\/timeline\/17-de-diciembre-de-2018-2\/\" class=\"story-link\">17 de diciembre de 2018<\/a><\/div><!-- Story Description --><div class=\"ctl-description\"><p>El Juez pide a la Asamblea Nacional la autorizaci\u00f3n para el procesamiento penal.<\/p>\n<\/div><\/div><\/div><!-- Story Year Section --><div data-cls=\"sc-nv-light vertical\" class=\"timeline-year scrollable-section ctl-year ctl-year-container light-year\" data-section-title=\"2019\" id=\"year-2019\"><div class=\"ctl-year-label ctl-year-text\"><span>2019<\/span><\/div><\/div><!-- Timeline Content --><div id=\"ctl-story-26223\" class=\"ctl-story ctl-story-dot-icon even ctl-story-left ctl-no-media\" data-story-index=\"4\" role=\"article\"><!-- Story Date --><div class=\"ctl-labels\"><div class=\"ctl-label-big story-date\">Ene, 2019<\/div><\/div><!-- Story IconDot --><div class=\"ctl-icondot\"><\/div> <!-- Story Arrow --><div class=\"ctl-arrow\"><\/div>\r\n\t\t\t<!-- Story Content --><div class=\"ctl-content\"><!-- Story Title --> <div class=\"ctl-title story-26223\" role=\"heading\" aria-level=\"2\"><a target=\"_self\" title=\"8 de enero de 2019\" href=\"https:\/\/www.fiscalia.gob.ec\/accesibilidad\/timeline\/8-de-enero-de-2019-2\/\" class=\"story-link\">8 de enero de 2019<\/a><\/div><!-- Story Description --><div class=\"ctl-description\"><p>El Legislativo devuelve el pedido debido a que la procesada ya no goza de la condici\u00f3n de asamble\u00edsta, por lo tanto: &#8216;no es competencia de la Asamblea pronunciarse al respecto&#8217;.<\/p>\n<\/div><\/div><\/div><!-- Timeline Content --><div id=\"ctl-story-26224\" class=\"ctl-story ctl-story-dot-icon odd ctl-story-right ctl-no-media\" data-story-index=\"5\" role=\"article\"><!-- Story Date --><div class=\"ctl-labels\"><div class=\"ctl-label-big story-date\">Feb, 2019<\/div><\/div><!-- Story IconDot --><div class=\"ctl-icondot\"><\/div> <!-- Story Arrow --><div class=\"ctl-arrow\"><\/div>\r\n\t\t\t<!-- Story Content --><div class=\"ctl-content\"><!-- Story Title --> <div class=\"ctl-title story-26224\" role=\"heading\" aria-level=\"2\"><a target=\"_self\" title=\"12 de febrero de 2019\" href=\"https:\/\/www.fiscalia.gob.ec\/accesibilidad\/timeline\/12-de-febrero-de-2019\/\" class=\"story-link\">12 de febrero de 2019<\/a><\/div><!-- Story Description --><div class=\"ctl-description\"><p>Se desarrolla la audiencia de formulaci\u00f3n de cargos por el presunto delito de concusi\u00f3n, en contra de Norma V. El Juez dispone el inicio de la instrucci\u00f3n fiscal y medidas cautelares no privativas de libertad: prohibici\u00f3n de salida del pa\u00eds, presentaci\u00f3n peri\u00f3dica, prohibici\u00f3n de enajenar bienes por 13.800 d\u00f3lares y retenci\u00f3n de fondos de sus cuentas.<\/p>\n<\/div><\/div><\/div><!-- Timeline Content --><div id=\"ctl-story-26225\" class=\"ctl-story ctl-story-dot-icon even ctl-story-left ctl-no-media\" data-story-index=\"6\" role=\"article\"><!-- Story Date --><div class=\"ctl-labels\"><div class=\"ctl-label-big story-date\">Jun, 2019<\/div><\/div><!-- Story IconDot --><div class=\"ctl-icondot\"><\/div> <!-- Story Arrow --><div class=\"ctl-arrow\"><\/div>\r\n\t\t\t<!-- Story Content --><div class=\"ctl-content\"><!-- Story Title --> <div class=\"ctl-title story-26225\" role=\"heading\" aria-level=\"2\"><a target=\"_self\" title=\"06 de junio de 2019\" href=\"https:\/\/www.fiscalia.gob.ec\/accesibilidad\/timeline\/06-de-junio-de-2019\/\" class=\"story-link\">06 de junio de 2019<\/a><\/div><!-- Story Description --><div class=\"ctl-description\"><p>Iv\u00e1n Saquicela, juez de la Corte Nacional de Justicia, resuelve llamar a juicio a la exlegisladora.<\/p>\n<\/div><\/div><\/div><!-- Story Year Section --><div data-cls=\"sc-nv-light vertical\" class=\"timeline-year scrollable-section ctl-year ctl-year-container light-year\" data-section-title=\"2020\" id=\"year-2020\"><div class=\"ctl-year-label ctl-year-text\"><span>2020<\/span><\/div><\/div><!-- Timeline Content --><div id=\"ctl-story-31731\" class=\"ctl-story ctl-story-dot-icon odd ctl-story-right ctl-no-media\" data-story-index=\"7\" role=\"article\"><!-- Story Date --><div class=\"ctl-labels\"><div class=\"ctl-label-big story-date\">Mar, 2020<\/div><\/div><!-- Story IconDot --><div class=\"ctl-icondot\"><\/div> <!-- Story Arrow --><div class=\"ctl-arrow\"><\/div>\r\n\t\t\t<!-- Story Content --><div class=\"ctl-content\"><!-- Story Title --> <div class=\"ctl-title story-31731\" role=\"heading\" aria-level=\"2\"><a target=\"_self\" title=\"23 de julio de 2020\" href=\"https:\/\/www.fiscalia.gob.ec\/accesibilidad\/timeline\/23-de-julio-de-2020\/\" class=\"story-link\">23 de julio de 2020<\/a><\/div><!-- Story Description --><div class=\"ctl-description\"><p>Tribunal de la Corte Nacional de Justicia niega la suspensi\u00f3n condicional de la pena solicitada por la exasamble\u00edsta Norma V., al no cumplir con el requisito n\u00famero 3 del art\u00edculo 630 del C\u00f3digo Org\u00e1nico Integral Penal (COIP).<\/p>\n<\/div><\/div><\/div><!-- Timeline Content --><div id=\"ctl-story-28783\" class=\"ctl-story ctl-story-dot-icon even ctl-story-left ctl-no-media\" data-story-index=\"8\" role=\"article\"><!-- Story Date --><div class=\"ctl-labels\"><div class=\"ctl-label-big story-date\">Jun, 2020<\/div><\/div><!-- Story IconDot --><div class=\"ctl-icondot\"><\/div> <!-- Story Arrow --><div class=\"ctl-arrow\"><\/div>\r\n\t\t\t<!-- Story Content --><div class=\"ctl-content\"><!-- Story Title --> <div class=\"ctl-title story-28783\" role=\"heading\" aria-level=\"2\"><a target=\"_self\" title=\"25 de junio de 2020\" href=\"https:\/\/www.fiscalia.gob.ec\/accesibilidad\/timeline\/25-de-junio-de-2020\/\" class=\"story-link\">25 de junio de 2020<\/a><\/div><!-- Story Description --><div class=\"ctl-description\"><p>Se instala el primer d\u00eda de audiencia de juicio contra le exlegisladora. La Fiscal General se\u00f1ala que este es un caso que afecta a la eficiencia de la administraci\u00f3n p\u00fablica y que ocurri\u00f3 entre mayo de 2017 y noviembre de 2018, en la Asamblea Nacional. A trav\u00e9s de los aportes entregados, la exfuncionaria se habr\u00eda beneficiado de aproximadamente 17.930 d\u00f3lares, que habr\u00edan sido utilizado para cancelar deudas personales, gastos de su despacho, pagos de eventos y para aportes al movimiento Alianza PAIS.<\/p>\n<p>Fiscal\u00eda presenta su prueba documental, testimonial y pericial. Varios excolaboradores de Norma V. testificaron ante el Tribunal y confirmaron la exigencia de los pagos como condici\u00f3n para mantenerse en sus puestos de trabajo.<\/p>\n<\/div><\/div><\/div><!-- Timeline Content --><div id=\"ctl-story-28785\" class=\"ctl-story ctl-story-dot-icon odd ctl-story-right ctl-no-media\" data-story-index=\"9\" role=\"article\"><!-- Story Date --><div class=\"ctl-labels\"><div class=\"ctl-label-big story-date\">Jun, 2020<\/div><\/div><!-- Story IconDot --><div class=\"ctl-icondot\"><\/div> <!-- Story Arrow --><div class=\"ctl-arrow\"><\/div>\r\n\t\t\t<!-- Story Content --><div class=\"ctl-content\"><!-- Story Title --> <div class=\"ctl-title story-28785\" role=\"heading\" aria-level=\"2\"><a target=\"_self\" title=\"26 de junio de 2020\" href=\"https:\/\/www.fiscalia.gob.ec\/accesibilidad\/timeline\/26-de-junio-de-2020\/\" class=\"story-link\">26 de junio de 2020<\/a><\/div><!-- Story Description --><div class=\"ctl-description\"><p>En su alegato de cierre, la fiscal general del Estado, Diana Salazar, solicita al Tribunal la pena m\u00e1xima de seis a\u00f1os y seis meses para la exasamble\u00edsta Norma V., por el delito de concusi\u00f3n, una multa de doce salarios b\u00e1sicos unificados y la indemnizaci\u00f3n al Estado por 17.930 d\u00f3lares. Como medida de satisfacci\u00f3n, solicit\u00f3 \u2013adem\u00e1s\u2013 disculpas p\u00fablicas y, como garant\u00eda de no repetici\u00f3n, la publicaci\u00f3n de la sentencia en el portal web de la Asamblea Nacional y en tres medios de circulaci\u00f3n nacional, para que se conozca que ning\u00fan funcionario p\u00fablico puede exigir dinero a sus subalternos y estos actos no se repitan en ninguna instituci\u00f3n del Estado.<\/p>\n<p>(Tribunal delibera resoluci\u00f3n de sentencia)<\/p>\n<\/div><\/div><\/div><!-- Timeline Content --><div id=\"ctl-story-29033\" class=\"ctl-story ctl-story-dot-icon even ctl-story-left ctl-no-media\" data-story-index=\"10\" role=\"article\"><!-- Story Date --><div class=\"ctl-labels\"><div class=\"ctl-label-big story-date\">Jul, 2020<\/div><\/div><!-- Story IconDot --><div class=\"ctl-icondot\"><\/div> <!-- Story Arrow --><div class=\"ctl-arrow\"><\/div>\r\n\t\t\t<!-- Story Content --><div class=\"ctl-content\"><!-- Story Title --> <div class=\"ctl-title story-29033\" role=\"heading\" aria-level=\"2\"><a target=\"_self\" title=\"14 de julio de 2020\" href=\"https:\/\/www.fiscalia.gob.ec\/accesibilidad\/timeline\/14-de-julio-de-2020\/\" class=\"story-link\">14 de julio de 2020<\/a><\/div><!-- Story Description --><div class=\"ctl-description\"><p>Tribunal Penal de la Corte Nacional de Justicia, conformado por los jueces Dilza Mu\u00f1oz, Marco Rodr\u00edguez y Iv\u00e1n Le\u00f3n, declar\u00f3 culpable a Norma V. por el delito de concusi\u00f3n y la sentenci\u00f3 a un a\u00f1o de prisi\u00f3n.<\/p>\n<p>Adem\u00e1s, el valor a pagar como reparaci\u00f3n integral ser\u00e1 de 9.050 d\u00f3lares a favor de los acusadores particulares y la diferencia de 14.100 d\u00f3lares ser\u00e1 entregada al Estado.<\/p>\n<p>Tambien resolvi\u00f3 que la sentenciada emita disculpas p\u00fablicas a trav\u00e9s de una sesi\u00f3n del Pleno de la Asamblea Nacional, v\u00eda telem\u00e1tica, y la publicaci\u00f3n de la sentencia en tres diarios de circulaci\u00f3n nacional, en d\u00eda domingo.<\/p>\n<p>Norma V. queda impedida de ser candidata a cargos p\u00fablicos de elecci\u00f3n popular o contratar con el Estado por el tiempo que dure la pena y no podr\u00e1 enajenar bienes.<\/p>\n<\/div><\/div><\/div><!-- Timeline Content --><div id=\"ctl-story-33041\" class=\"ctl-story ctl-story-dot-icon odd ctl-story-right ctl-no-media\" data-story-index=\"11\" role=\"article\"><!-- Story Date --><div class=\"ctl-labels\"><div class=\"ctl-label-big story-date\">Jul, 2020<\/div><\/div><!-- Story IconDot --><div class=\"ctl-icondot\"><\/div> <!-- Story Arrow --><div class=\"ctl-arrow\"><\/div>\r\n\t\t\t<!-- Story Content --><div class=\"ctl-content\"><!-- Story Title --> <div class=\"ctl-title story-33041\" role=\"heading\" aria-level=\"2\"><a target=\"_self\" title=\"23 de julio de 2020\" href=\"https:\/\/www.fiscalia.gob.ec\/accesibilidad\/timeline\/23-de-julio-de-2020-2\/\" class=\"story-link\">23 de julio de 2020<\/a><\/div><!-- Story Description --><div class=\"ctl-description\"><p>Tribunal de la Corte Nacional de Justicia niega el pedido de suspensi\u00f3n condicional de la pena solicitada por la exasamble\u00edsta Norma V. La decisi\u00f3n se toma luego de haber confirmado que no se cumple con el requisito n\u00famero 3 del art\u00edculo 630 del C\u00f3digo Org\u00e1nico Integral Penal (COIP).<\/p>\n<p>Los magistrados acogen el pedido de Fiscal\u00eda, pues el delito de concusi\u00f3n es uno de los m\u00e1s graves que lesiona la eficiencia de la administraci\u00f3n p\u00fablica.<\/p>\n<\/div><\/div><\/div><!-- Story Year Section --><div data-cls=\"sc-nv-light vertical\" class=\"timeline-year scrollable-section ctl-year ctl-year-container light-year\" data-section-title=\"2021\" id=\"year-2021\"><div class=\"ctl-year-label ctl-year-text\"><span>2021<\/span><\/div><\/div><!-- Timeline Content --><div id=\"ctl-story-33042\" class=\"ctl-story ctl-story-dot-icon even ctl-story-left ctl-no-media\" data-story-index=\"12\" role=\"article\"><!-- Story Date --><div class=\"ctl-labels\"><div class=\"ctl-label-big story-date\">Ene, 2021<\/div><\/div><!-- Story IconDot --><div class=\"ctl-icondot\"><\/div> <!-- Story Arrow --><div class=\"ctl-arrow\"><\/div>\r\n\t\t\t<!-- Story Content --><div class=\"ctl-content\"><!-- Story Title --> <div class=\"ctl-title story-33042\" role=\"heading\" aria-level=\"2\"><a target=\"_self\" title=\"07 de enero de 2021\" href=\"https:\/\/www.fiscalia.gob.ec\/accesibilidad\/timeline\/07-de-enero-de-2021\/\" class=\"story-link\">07 de enero de 2021<\/a><\/div><!-- Story Description --><div class=\"ctl-description\"><p>Con base en los argumentos presentados por la Fiscal\u00eda General del Estado, Tribunal de la Corte Nacional de Justicia acoge recurso de apelaci\u00f3n e incrementa la sentencia, de uno a dos a\u00f1os de pena atenuada, contra la exasamble\u00edsta Norma V., como autora del delito de concusi\u00f3n.<\/p>\n<p>Se aclara, adem\u00e1s, que la pena m\u00ednima del delito de concusi\u00f3n, tipificado en el art\u00edculo 281 del C\u00f3digo Org\u00e1nico Integral Penal (COIP), es de 3 a\u00f1os y que si se reduce un tercio (1 a\u00f1o), la pena deb\u00eda ser de dos a\u00f1os y no de uno como dict\u00f3 el Tribunal en primera instancia.<\/p>\n<\/div><\/div><\/div><!-- Story Year Section --><div data-cls=\"sc-nv-light vertical\" class=\"timeline-year scrollable-section ctl-year ctl-year-container light-year\" data-section-title=\"2022\" id=\"year-2022\"><div class=\"ctl-year-label ctl-year-text\"><span>2022<\/span><\/div><\/div><!-- Timeline Content --><div id=\"ctl-story-43870\" class=\"ctl-story ctl-story-dot-icon odd ctl-story-right ctl-no-media\" data-story-index=\"13\" role=\"article\"><!-- Story Date --><div class=\"ctl-labels\"><div class=\"ctl-label-big story-date\">Jul, 2022<\/div><\/div><!-- Story IconDot --><div class=\"ctl-icondot\"><\/div> <!-- Story Arrow --><div class=\"ctl-arrow\"><\/div>\r\n\t\t\t<!-- Story Content --><div class=\"ctl-content\"><!-- Story Title --> <div class=\"ctl-title story-43870\" role=\"heading\" aria-level=\"2\"><a target=\"_self\" title=\"19 de julio de 2022\" href=\"https:\/\/www.fiscalia.gob.ec\/accesibilidad\/timeline\/19-de-julio-de-2022\/\" class=\"story-link\">19 de julio de 2022<\/a><\/div><!-- Story Description --><div class=\"ctl-description\"><p>La Fiscal\u00eda General del Estado presentar\u00e1 una acci\u00f3n extraordinaria de protecci\u00f3n ante la Corte Constitucional, tras la resoluci\u00f3n del Tribunal de Casaci\u00f3n de la Corte Nacional de Justicia, que concede la suspensi\u00f3n condicional de la pena a la exasamble\u00edsta Norma V., sentenciada por concusi\u00f3n.<\/p>\n<p><strong style=\"color: #21307e;\">M\u00e1s informaci\u00f3n<\/strong><\/p>\n<ul>\n<li><a href=\"https:\/\/bit.ly\/3A1cFLa\" target=\"_blank\" rel=\"noopener\">Acci\u00f3n extraordinaria de protecci\u00f3n.<\/a><\/li>\n<\/ul>\n<\/div><\/div><\/div>\t\t\t\t\t<\/div>\r\n\t\t\t\t\t<div class=\"ctl-end\"><\/div>\r\n\t\t\t\t\t\t\t\t\t<\/div>\r\n\t\t\t<\/div>\r\n\t\t\t[\/vc_column_text][vc_empty_space height=\u00bb100px\u00bb]<a href=\"\/accesibilidad\/contra-la-eficiencia-de-administracion-publica\/\" target=\"_self\"  class=\"qbutton  qbutton_with_icon\" style=\"\">Casos de Connotaci\u00f3n<i class=\"button_icon  fa fa-arrow-left\" style=\"\"><\/i><\/a>[vc_empty_space height=\u00bb100px\u00bb][\/vc_column][\/vc_row]<\/p>\n<\/div>","protected":false},"excerpt":{"rendered":"<p>[vc_row row_type=\u00bbrow\u00bb use_row_as_full_screen_section=\u00bbno\u00bb type=\u00bbfull_width\u00bb text_align=\u00bbleft\u00bb background_animation=\u00bbnone\u00bb css_animation=\u00bb\u00bb][vc_column][vc_column_text][\/vc_column_text][vc_row_inner row_type=\u00bbrow\u00bb type=\u00bbfull_width\u00bb use_row_as_full_screen_section_slide=\u00bbno\u00bb text_align=\u00bbleft\u00bb css_animation=\u00bb\u00bb][vc_column_inner width=\u00bb1\/2&#8243;][vc_column_text css=\u00bb.vc_custom_1672936098262{padding-right: 10px !important;}\u00bb][\/vc_column_text][\/vc_column_inner][vc_column_inner width=\u00bb1\/2&#8243;][vc_column_text css=\u00bb.vc_custom_1672936115695{padding-left: 10px !important;}\u00bb][\/vc_column_text][\/vc_column_inner][\/vc_row_inner][vc_column_text css=\u00bb.vc_custom_1610561398014{margin-top: 25px !important;}\u00bb][\/vc_column_text][vc_empty_space height=\u00bb100px\u00bb][vc_empty_space height=\u00bb100px\u00bb][\/vc_column][\/vc_row]<\/p>\n","protected":false},"author":4,"featured_media":0,"parent":0,"menu_order":0,"comment_status":"closed","ping_status":"closed","template":"","meta":{"footnotes":""},"class_list":["post-26226","page","type-page","status-publish","hentry"],"_links":{"self":[{"href":"https:\/\/www.fiscalia.gob.ec\/accesibilidad\/wp-json\/wp\/v2\/pages\/26226","targetHints":{"allow":["GET"]}}],"collection":[{"href":"https:\/\/www.fiscalia.gob.ec\/accesibilidad\/wp-json\/wp\/v2\/pages"}],"about":[{"href":"https:\/\/www.fiscalia.gob.ec\/accesibilidad\/wp-json\/wp\/v2\/types\/page"}],"author":[{"embeddable":true,"href":"https:\/\/www.fiscalia.gob.ec\/accesibilidad\/wp-json\/wp\/v2\/users\/4"}],"replies":[{"embeddable":true,"href":"https:\/\/www.fiscalia.gob.ec\/accesibilidad\/wp-json\/wp\/v2\/comments?post=26226"}],"version-history":[{"count":7,"href":"https:\/\/www.fiscalia.gob.ec\/accesibilidad\/wp-json\/wp\/v2\/pages\/26226\/revisions"}],"predecessor-version":[{"id":47720,"href":"https:\/\/www.fiscalia.gob.ec\/accesibilidad\/wp-json\/wp\/v2\/pages\/26226\/revisions\/47720"}],"wp:attachment":[{"href":"https:\/\/www.fiscalia.gob.ec\/accesibilidad\/wp-json\/wp\/v2\/media?parent=26226"}],"curies":[{"name":"wp","href":"https:\/\/api.w.org\/{rel}","templated":true}]}}